ue
Is 205046368 a multiple of 1250?
False
Is 195090336 a multiple of 216?
True
Does 40 divide 807945880?
True
Is 126218433 a multiple of 1572?
False
Is 121 a factor of 127374885?
True
Is 164 a factor of 27907716?
True
Does 30 divide 822004343?
False
Is 103287862 a multiple of 130?
False
Does 211 divide 419370518?
True
Is 61 a factor of 40863138?
False
Is 13 a factor of 6494521280?
True
Does 379 divide 3646203?
False
Is 35850841 a multiple of 13?
True
Does 244 divide 139456963?
False
Does 6800 divide 866856471?
False
Is 6 a factor of 25455798?
True
Does 516 divide 183036552?
True
Does 61 divide 1881430076?
True
Is 36 a factor of 4936176?
True
Does 9 divide 233104066?
False
Does 669 divide 52390167?
False
Is 154 a factor of 311120556?
False
Is 151340050 a multiple of 4409?
False
Does 1251 divide 778518567?
True
Does 426 divide 156339444?
True
Is 663753510 a multiple of 490?
True
Does 2264 divide 165276528?
True
Is 133640661 a multiple of 399?
True
Does 5 divide 111746266?
False
Is 5662657 a multiple of 7?
True
Is 188097018 a multiple of 145?
False
Is 375 a factor of 19033875?
True
Is 703113584 a multiple of 4814?
True
Is 3789149 a multiple of 2?
False
Is 32 a factor of 1021696?
True
Is 33463767 a multiple of 27?
False
Does 16 divide 10542401?
False
Is 729504030 a multiple of 12?
False
Is 152918760 a multiple of 125?
False
Does 46 divide 467073487?
False
Does 29 divide 507967445?
False
Is 188 a factor of 77003296?
True
Does 255 divide 110560860?
True
Is 9647085 a multiple of 35?
True
Is 8 a factor of 481648?
True
Is 7149399 a multiple of 186?
False
Does 87 divide 835579929?
True
Does 16 divide 489902352?
True
Is 1341 a factor of 475884837?
False
Is 614 a factor of 10935954?
True
Is 1813799430 a multiple of 2389?
False
Is 7230969 a multiple of 5?
False
Is 470494210 a multiple of 230?
True
Is 52676816 a multiple of 68?
False
Does 124 divide 34798120?
True
Is 7330997 a multiple of 379?
True
Does 26 divide 506690026?
False
Is 6 a factor of 5396100?
True
Is 170191488 a multiple of 248?
True
Does 5864 divide 136830576?
True
Is 1326023377 a multiple of 53?
True
Is 4 a factor of 25817854?
False
Does 19 divide 407747638?
True
Is 2399 a factor of 833925042?
False
Does 26 divide 337100894?
True
Does 7763 divide 2968183308?
False
Is 3288 a factor of 112026903?
False
Does 6 divide 114943116?
True
Is 3293 a factor of 967397319?
False
Is 224458650 a multiple of 1989?
True
Is 27 a factor of 40309013?
False
Is 690419747 a multiple of 517?
False
Does 15 divide 29735010?
True
Does 36 divide 10982447?
False
Is 764 a factor of 35402684?
False
Is 6 a factor of 119975053?
False
Does 49 divide 1916865937?
True
Is 519612369 a multiple of 6413?
False
Is 64 a factor of 548853?
False
Is 2414 a factor of 129810436?
True
Is 29474241 a multiple of 26?
False
Is 278 a factor of 14700640?
True
Does 3367 divide 999126504?
False
Does 3070 divide 105183883?
False
Is 845463227 a multiple of 24?
False
Is 34945233 a multiple of 1033?
False
Does 20 divide 209239725?
False
Is 21773730 a multiple of 330?
True
Is 62 a factor of 45812048?
True
Is 835 a factor of 181108995?
True
Is 8947185 a multiple of 2699?
True
Is 12 a factor of 128141364?
True
Does 43 divide 3577170?
True
Is 159 a factor of 14763150?
True
Does 1001 divide 100962704?
False
Is 198369461 a multiple of 598?
False
Does 1157 divide 7760884?
False
Does 3351 divide 560679267?
True
Does 1509 divide 673011073?
False
Is 34 a factor of 37373820?
True
Is 6 a factor of 1718946?
True
Is 16 a factor of 461664?
True
Is 11 a factor of 259789310?
True
Is 15 a factor of 40466429?
False
Is 119808099 a multiple of 7?
False
Is 181 a factor of 154768989?
False
Is 342624465 a multiple of 65?
False
Is 1275128 a multiple of 4?
True
Does 3120 divide 39589865?
False
Is 1929754 a multiple of 38?
True
Is 371 a factor of 46921483?
True
Is 1142009764 a multiple of 14?
True
Does 2095 divide 25766405?
True
Is 46337928 a multiple of 56?
True
Is 145868064 a multiple of 21?
False
Is 129 a factor of 57064886?
False
Is 3 a factor of 63030090?
True
Is 418893943 a multiple of 12?
False
Is 1585668320 a multiple of 8?
True
Does 11 divide 31832328?
True
Does 6104 divide 3937482864?
True
Is 3912048580 a multiple of 13310?
True
Is 99885852 a multiple of 996?
True
Is 80 a factor of 148993440?
True
Is 42788169 a multiple of 65?
False
Is 228 a factor of 12429458?
False
Is 2269 a factor of 450643821?
True
Does 139 divide 4188464204?
True
Is 2157 a factor of 150810969?
True
Does 17 divide 178858207?
True
Does 18 divide 118462925?
False
Is 63881774 a multiple of 22?
True
Does 62 divide 85107524?
True
Is 128 a factor of 53721856?
True
Is 322 a factor of 32737564?
False
Is 598089849 a multiple of 5?
False
Is 588811425 a multiple of 887?
False
Does 86 divide 55194585?
False
Does 18 divide 34076294?
False
Does 59 divide 1433523?
True
Is 31530092 a multiple of 22?
True
Does 803 divide 10263476?
False
Does 5 divide 2062096939?
False
Is 17721132 a multiple of 129?
False
Does 431 divide 150250585?
False
Is 258 a factor of 15817100?
False
Does 277 divide 2194948?
True
Does 3144 divide 2914447128?
True
Does 146 divide 4872467?
False
Is 203975803 a multiple of 59?
True
Is 90408660 a multiple of 21?
False
Is 338436050 a multiple of 50?
True
Does 10 divide 143271300?
True
Is 635 a factor of 51484530?
True
Does 25 divide 5423617?
False
Is 635 a factor of 23400841?
False
Does 110 divide 226670208?
False
Does 2 divide 214024331?
False
Is 28354481 a multiple of 2161?
True
Does 2 divide 1068977?
False
Is 48 a factor of 33528672?
True
Is 107 a factor of 30699049?
True
Does 29 divide 115172395?
False
Does 88 divide 280235574?
False
Does 292 divide 31438180?
True
Is 2104332 a multiple of 3?
True
Is 41558037 a multiple of 82?
False
Does 513 divide 10755024?
False
Is 72336967 a multiple of 16?
False
Is 2490774153 a multiple of 1925?
False
Does 1954 divide 2128943574?
True
Is 20 a factor of 3486351?
False
Is 26 a factor of 65189566?
True
Does 5 divide 24274121?
False
Is 824 a factor of 83512400?
True
Is 906 a factor of 408736423?
False
Does 3184 divide 250472544?
True
Does 66 divide 3191579688?
True
Does 22 divide 164299674?
True
Does 3183 divide 13381332?
True
Does 50 divide 398840493?
False
Is 17199450 a multiple of 75?
True
Is 3900348 a multiple of 9?
True
Is 6004397 a multiple of 679?
True
Does 3371 divide 528552574?
True
Does 341 divide 1249398430?
False
Is 793546056 a multiple of 209?
False
Is 18286446 a multiple of 3?
True
Is 13506909 a multiple of 8?
False
Does 68 divide 7217248?
True
Is 173633004 a multiple of 12?
True
Is 111 a factor of 11107270?
False
Is 41 a factor of 9994447?
True
Is 147 a factor of 34264524?
True
Is 126374660 a multiple of 20?
True
Does 680 divide 3180321240?
True
Is 15 a factor of 1369683150?
True
Does 597 divide 171780316?
False
Is 45085690 a multiple of 47?
True
Does 2372 divide 1225643148?
False
Does 10 divide 571071309?
False
Does 2 divide 5196494?
True
Is 1010598740 a multiple of 3730?
True
Is 12744 a factor of 3353723784?
True
Does 2166 divide 80538378?
True
Is 649 a factor of 18442793?
False
Is 1350 a factor of 71422667?
False
Is 741592428 a multiple of 17?
True
Does 289 divide 480895829?
False
Does 2807 divide 1495196269?
True
Does 32 divide 182642336?
True
Does 6 divide 3718104?
True
Is 56079864 a multiple of 333?
True
Is 137896217 a multiple of 182?
False
Is 417 a factor of 23751903?
True
Is 2 a factor of 16070790?
True
Is 94 a factor of 3085122?
False
Is 4060287 a multiple of 93?
True
Is 43 a factor of 93782935?
False
Is 2537168 a multiple of 412?
False
Is 775 a factor of 5947336825?
True
Does 29 divide 33478499?
True
Is 312964168 a multiple of 44?
True
Is 591 a factor of 186915126?
False
Does 1064 divide 2860285573?
False
Is 50834446 a multiple of 556?
False
Does 177 divide 87107541?
True
Does 70 divide 48511050?
True
Does 511 divide 82740609?
True
Does 2284 divide 37288584?
True
Does 2616 divide 187363152?
True
Is 11 a factor of 177263526?
True
Does 58 divide 19953441?
False
Is 185836932 a multiple of 9?
True
Is 284284049 a multiple of 123?
False
Is 3681174240 a multiple of 12?
True
Is 1238 a factor of 16426129?
False
Is 732 a factor of 75808848?
True
Is 179606276 a multiple of 109?
True
Is 3195 a factor of 36694180?
False
Does 151 divide 69327451